{"id":655,"date":"2017-06-07T13:04:03","date_gmt":"2017-06-07T11:04:03","guid":{"rendered":"http:\/\/ipe.hr\/en\/?page_id=655"},"modified":"2018-10-31T16:11:59","modified_gmt":"2018-10-31T15:11:59","slug":"repository","status":"publish","type":"page","link":"https:\/\/ipe.hr\/en\/repository\/","title":{"rendered":"REPOSITORY"},"content":{"rendered":"<div class=\"tmm tmm_publications\"><div class=\"tmm_2_columns tmm_wrap \"><span class=\"tmm_two_containers_tablet\"><\/span><div class=\"tmm_container\"><div class=\"tmm_member\" style=\"border-top:#ffffff solid 5px;\"><a target=\"_blank\" href=\"http:\/\/ipe.hr\/wp-content\/uploads\/2018\/04\/IPE_COMMONS_ENG_web.pdf\" title=\"Commons in South East Europe \"><div class=\"tmm_photo tmm_pic_publications_0\" style=\"background: url(http:\/\/ipe.hr\/wp-content\/uploads\/2018\/04\/commpublikacija.png); margin-left: auto; margin-right:auto; background-size:cover !important;\"><\/div><\/a><div class=\"tmm_textblock\"><div class=\"tmm_names\"><span class=\"tmm_fname\">Commons in South East Europe<\/span> <\/div><div class=\"tmm_job\">English<\/div><div class=\"tmm_desc\" style=\"text-align:left\">A study of the commons in South East Europe providing a theoretical overview of the commons and cases of commons governance and struggles in Croatia, Bosnia &amp; Herzegovina and Macedonia. <\/div><div class=\"tmm_scblock\"><\/div><\/div><\/div><div class=\"tmm_member\" style=\"border-top:#ffffff solid 5px;\"><a target=\"_blank\" href=\"http:\/\/ipe.hr\/wp-content\/uploads\/2017\/11\/Technologies-for-an-Ecological-Transition-A-Faustian-Bargain-1.pdf\" title=\"TECHNOLOGIES FOR AN ECOLOGICAL TRANSITION: A FAUSTIAN BARGAIN? \"><div class=\"tmm_photo tmm_pic_publications_1\" style=\"background: url(http:\/\/ipe.hr\/wp-content\/uploads\/2017\/12\/malitechno.png); margin-left: auto; margin-right:auto; background-size:cover !important;\"><\/div><\/a><div class=\"tmm_textblock\"><div class=\"tmm_names\"><span class=\"tmm_fname\">TECHNOLOGIES FOR AN ECOLOGICAL TRANSITION: A FAUSTIAN BARGAIN?<\/span> <\/div><div class=\"tmm_job\">English<\/div><div class=\"tmm_desc\" style=\"text-align:left\">In his working paper for IPE, Tomislav Medak discusses the role of technologies in two contrasting\r\necological transition scenarios - green growth and degrowth. <\/div><div class=\"tmm_scblock\"><\/div><\/div><\/div><span class=\"tmm_two_containers_tablet\"><\/span><\/div><span class=\"tmm_columns_containers_desktop\"><\/span><div class=\"tmm_container\"><div class=\"tmm_member\" style=\"border-top:#ffffff solid 5px;\"><a target=\"_blank\" href=\"http:\/\/ipe.hr\/wp-content\/uploads\/2017\/06\/Ecology-and-Justice-WEB.pdf\" title=\"Ecology and Justice \"><div class=\"tmm_photo tmm_pic_publications_2\" style=\"background: url(http:\/\/ipe.hr\/wp-content\/uploads\/2017\/07\/covereco.png); margin-left: auto; margin-right:auto; background-size:cover !important;\"><\/div><\/a><div class=\"tmm_textblock\"><div class=\"tmm_names\"><span class=\"tmm_fname\">Ecology and Justice<\/span> <\/div><div class=\"tmm_job\">English<\/div><div class=\"tmm_desc\" style=\"text-align:left\">Edited by Mladen Domazet, \"Ecology and Justice\" follows from the presentations delivered at IPE\u2019s conference \u201cClimate Justice \u2013 Perspectives from Natural and Social Sciences\u201d. The authors are Daniel Hausknost, Melita Carevi\u0107, Marija Brajdi\u0107 Vukovi\u0107, Plinija Poljakovi\u0107 &amp; Karin Doolan, and Drago \u017dupari\u0107-Ilji\u0107.<\/div><div class=\"tmm_scblock\"><\/div><\/div><\/div><div class=\"tmm_member\" style=\"border-top:#ffffff solid 5px;\"><a target=\"_blank\" href=\"http:\/\/ipe.hr\/wp-content\/uploads\/2019\/02\/IPE_CETATTIP_060219_Final.pdf\" title=\"RACE TO THE BOTTOM: CETA &amp; TTIP ON EUROPEAN PERIPHERY \u2013  CASE OF CROATIA\"><div class=\"tmm_photo tmm_pic_publications_3\" style=\"background: url(http:\/\/ipe.hr\/wp-content\/uploads\/2019\/02\/CETA-final.jpg); margin-left: auto; margin-right:auto; background-size:cover !important;\"><\/div><\/a><div class=\"tmm_textblock\"><div class=\"tmm_names\"><span class=\"tmm_fname\">RACE TO THE BOTTOM: CETA &amp; TTIP ON EUROPEAN PERIPHERY \u2013 <\/span> <span class=\"tmm_lname\">CASE OF CROATIA<\/span><\/div><div class=\"tmm_job\">ENGLISH<\/div><div class=\"tmm_desc\" style=\"text-align:left\">Expert analyses of CETA\u2019s possible effects on Croatia by Vladimir Cvijanovi\u0107, Paul Stubbs and Dark Znaor.<\/div><div class=\"tmm_scblock\"><\/div><\/div><\/div><span class=\"tmm_two_containers_tablet\"><\/span><\/div><span class=\"tmm_columns_containers_desktop\"><\/span><div class=\"tmm_container\"><div class=\"tmm_member\" style=\"border-top:#ffffff solid 5px;\"><a target=\"_blank\" href=\"http:\/\/ipe.hr\/wp-content\/uploads\/2017\/05\/IPE_CETA_04_010517_Print.pdf\" title=\"Race to the bottom: CETA and TTIP on european periphery\"><div class=\"tmm_photo tmm_pic_publications_4\" style=\"background: url(http:\/\/ipe.hr\/wp-content\/uploads\/2017\/06\/CETA.png); margin-left: auto; margin-right:auto; background-size:cover !important;\"><\/div><\/a><div class=\"tmm_textblock\"><div class=\"tmm_names\"><span class=\"tmm_fname\">Race to the bottom:<\/span> <span class=\"tmm_lname\">CETA and TTIP on european periphery<\/span><\/div><div class=\"tmm_job\">Croatian<\/div><div class=\"tmm_desc\" style=\"text-align:left\">A brief containing expert analyses of CETA\u2019s possible effects on Croatia\u2019s law, economy, environment, labour, social policy and healthcare, and agriculture.  The authors are Marija Bartl, Vladimir Cvijanovi\u0107, Vedran Horvat, Paul Stubbs and Dark Znaor.<\/div><div class=\"tmm_scblock\"><\/div><\/div><\/div><div class=\"tmm_member\" style=\"border-top:#ffffff solid 5px;\"><a target=\"_blank\" href=\"http:\/\/ipe.hr\/wp-content\/uploads\/2017\/02\/Poruka-u-boci.pdf\" title=\"Message in a Bottle \"><div class=\"tmm_photo tmm_pic_publications_5\" style=\"background: url(http:\/\/ipe.hr\/wp-content\/uploads\/2017\/08\/porukanova.png); margin-left: auto; margin-right:auto; background-size:cover !important;\"><\/div><\/a><div class=\"tmm_textblock\"><div class=\"tmm_names\"><span class=\"tmm_fname\">Message in a Bottle<\/span> <\/div><div class=\"tmm_job\">Croatian<\/div><div class=\"tmm_desc\" style=\"text-align:left\">\"Message in a Bottle\" is an analysis of the public policy on drawing water for bottling, carried out by IPE in cooperation with Zelena akcija (Friends of the Earth Croatia), and as part of the project INTRA WASP \u2013 Increasing Transparency in Water and Space management.<\/div><div class=\"tmm_scblock\"><\/div><\/div><\/div><span class=\"tmm_two_containers_tablet\"><\/span><\/div><span class=\"tmm_columns_containers_desktop\"><\/span><div class=\"tmm_container\"><div class=\"tmm_member\" style=\"border-top:#ffffff solid 5px;\"><a target=\"_blank\" href=\"http:\/\/ipe.hr\/wp-content\/uploads\/2017\/06\/ZA_2016_knjizniBlok_fin.pdf\" title=\"Tipping Points \"><div class=\"tmm_photo tmm_pic_publications_6\" style=\"background: url(http:\/\/ipe.hr\/wp-content\/uploads\/2017\/06\/akademijacover.png); margin-left: auto; margin-right:auto; background-size:cover !important;\"><\/div><\/a><div class=\"tmm_textblock\"><div class=\"tmm_names\"><span class=\"tmm_fname\">Tipping Points<\/span> <\/div><div class=\"tmm_job\">English<\/div><div class=\"tmm_desc\" style=\"text-align:left\">The program book of the Green Academy 2020 \u2013 Tipping Points, which took place in July 2016. Contains an overview of the three moduls \u2013 degrowth, commons and climate justice.<\/div><div class=\"tmm_scblock\"><\/div><\/div><\/div><div class=\"tmm_member\" style=\"border-top:#ffffff solid 5px;\"><a target=\"_blank\" href=\"http:\/\/ipe.hr\/wp-content\/uploads\/2017\/08\/Budapest-Degrowth-Conference-Report.pdf\" title=\"International Degrowth Conference Budapest 2016 - Conference Report\"><div class=\"tmm_photo tmm_pic_publications_7\" style=\"background: url(http:\/\/ipe.hr\/wp-content\/uploads\/2017\/08\/Budapest-Degrowth-Conference-Report-cover.png); margin-left: auto; margin-right:auto; background-size:cover !important;\"><\/div><\/a><div class=\"tmm_textblock\"><div class=\"tmm_names\"><span class=\"tmm_fname\">International Degrowth Conference<\/span> <span class=\"tmm_lname\">Budapest 2016 - Conference Report<\/span><\/div><div class=\"tmm_job\">English<\/div><div class=\"tmm_desc\" style=\"text-align:left\">Conference report on the International Degrowth Conference Budapest 2016 that IPE co-organized.<\/div><div class=\"tmm_scblock\"><\/div><\/div><\/div><span class=\"tmm_two_containers_tablet\"><\/span><\/div><span class=\"tmm_columns_containers_desktop\"><\/span><div class=\"tmm_container\"><div class=\"tmm_member\" style=\"border-top:#ffffff solid 5px;\"><a target=\"_blank\" href=\"http:\/\/ipe.hr\/wp-content\/uploads\/2017\/06\/IPE_Climate_Justice_2015_Book_of_Abstracts_Web.pdf\" title=\"Climate Justice \u2013  Perspectives from the Natural &amp; Social Sciences\"><div class=\"tmm_photo tmm_pic_publications_8\" style=\"background: url(http:\/\/ipe.hr\/wp-content\/uploads\/2017\/06\/climate-justice-cover.png); margin-left: auto; margin-right:auto; background-size:cover !important;\"><\/div><\/a><div class=\"tmm_textblock\"><div class=\"tmm_names\"><span class=\"tmm_fname\">Climate Justice \u2013 <\/span> <span class=\"tmm_lname\">Perspectives from the Natural &amp; Social Sciences<\/span><\/div><div class=\"tmm_job\">English<\/div><div class=\"tmm_desc\" style=\"text-align:left\">The program book of IPE\u2019s conference Climate Justice \u2013 Perspectives from the Natural &amp; Social Sciences, which took place on November 13 2015<\/div><div class=\"tmm_scblock\"><\/div><\/div><\/div><div style=\"clear:both;\"><\/div><\/div><\/div><\/div>\n","protected":false},"excerpt":{"rendered":"","protected":false},"author":1,"featured_media":0,"parent":0,"menu_order":0,"comment_status":"closed","ping_status":"closed","template":"","meta":{"inline_featured_image":false},"categories":[],"tags":[],"_links":{"self":[{"href":"https:\/\/ipe.hr\/en\/wp-json\/wp\/v2\/pages\/655"}],"collection":[{"href":"https:\/\/ipe.hr\/en\/wp-json\/wp\/v2\/pages"}],"about":[{"href":"https:\/\/ipe.hr\/en\/wp-json\/wp\/v2\/types\/page"}],"author":[{"embeddable":true,"href":"https:\/\/ipe.hr\/en\/wp-json\/wp\/v2\/users\/1"}],"replies":[{"embeddable":true,"href":"https:\/\/ipe.hr\/en\/wp-json\/wp\/v2\/comments?post=655"}],"version-history":[{"count":12,"href":"https:\/\/ipe.hr\/en\/wp-json\/wp\/v2\/pages\/655\/revisions"}],"predecessor-version":[{"id":3113,"href":"https:\/\/ipe.hr\/en\/wp-json\/wp\/v2\/pages\/655\/revisions\/3113"}],"wp:attachment":[{"href":"https:\/\/ipe.hr\/en\/wp-json\/wp\/v2\/media?parent=655"}],"wp:term":[{"taxonomy":"category","embeddable":true,"href":"https:\/\/ipe.hr\/en\/wp-json\/wp\/v2\/categories?post=655"},{"taxonomy":"post_tag","embeddable":true,"href":"https:\/\/ipe.hr\/en\/wp-json\/wp\/v2\/tags?post=655"}],"curies":[{"name":"wp","href":"https:\/\/api.w.org\/{rel}","templated":true}]}}

<div class="tmm tmm_publications"><div class="tmm_2_columns tmm_wrap "><span class="tmm_two_containers_tablet"></span><div class="tmm_container"><div class="tmm_member" style="border-top:#ffffff solid 5px;"><a target="_blank" href="http://ipe.hr/wp-content/uploads/2018/04/IPE_COMMONS_ENG_web.pdf" title="Commons in South East Europe "><div class="tmm_photo tmm_pic_publications_0" style="background: url(http://ipe.hr/wp-content/uploads/2018/04/commpublikacija.png); margin-left: auto; margin-right:auto; background-size:cover !important;"></div></a><div class="tmm_textblock"><div class="tmm_names"><span class="tmm_fname">Commons in South East Europe</span> </div><div class="tmm_job">English</div><div class="tmm_desc" style="text-align:left">A study of the commons in South East Europe providing a theoretical overview of the commons and cases of commons governance and struggles in Croatia, Bosnia &amp; Herzegovina and Macedonia. </div><div class="tmm_scblock"></div></div></div><div class="tmm_member" style="border-top:#ffffff solid 5px;"><a target="_blank" href="http://ipe.hr/wp-content/uploads/2017/11/Technologies-for-an-Ecological-Transition-A-Faustian-Bargain-1.pdf" title="TECHNOLOGIES FOR AN ECOLOGICAL TRANSITION: A FAUSTIAN BARGAIN? "><div class="tmm_photo tmm_pic_publications_1" style="background: url(http://ipe.hr/wp-content/uploads/2017/12/malitechno.png); margin-left: auto; margin-right:auto; background-size:cover !important;"></div></a><div class="tmm_textblock"><div class="tmm_names"><span class="tmm_fname">TECHNOLOGIES FOR AN ECOLOGICAL TRANSITION: A FAUSTIAN BARGAIN?</span> </div><div class="tmm_job">English</div><div class="tmm_desc" style="text-align:left">In his working paper for IPE, Tomislav Medak discusses the role of technologies in two contrasting
ecological transition scenarios - green growth and degrowth. </div><div class="tmm_scblock"></div></div></div><span class="tmm_two_containers_tablet"></span></div><span class="tmm_columns_containers_desktop"></span><div class="tmm_container"><div class="tmm_member" style="border-top:#ffffff solid 5px;"><a target="_blank" href="http://ipe.hr/wp-content/uploads/2017/06/Ecology-and-Justice-WEB.pdf" title="Ecology and Justice "><div class="tmm_photo tmm_pic_publications_2" style="background: url(http://ipe.hr/wp-content/uploads/2017/07/covereco.png); margin-left: auto; margin-right:auto; background-size:cover !important;"></div></a><div class="tmm_textblock"><div class="tmm_names"><span class="tmm_fname">Ecology and Justice</span> </div><div class="tmm_job">English</div><div class="tmm_desc" style="text-align:left">Edited by Mladen Domazet, "Ecology and Justice" follows from the presentations delivered at IPE’s conference “Climate Justice – Perspectives from Natural and Social Sciences”. The authors are Daniel Hausknost, Melita Carević, Marija Brajdić Vuković, Plinija Poljaković &amp; Karin Doolan, and Drago Župarić-Iljić.</div><div class="tmm_scblock"></div></div></div><div class="tmm_member" style="border-top:#ffffff solid 5px;"><a target="_blank" href="http://ipe.hr/wp-content/uploads/2019/02/IPE_CETATTIP_060219_Final.pdf" title="RACE TO THE BOTTOM: CETA &amp; TTIP ON EUROPEAN PERIPHERY –  CASE OF CROATIA"><div class="tmm_photo tmm_pic_publications_3" style="background: url(http://ipe.hr/wp-content/uploads/2019/02/CETA-final.jpg); margin-left: auto; margin-right:auto; background-size:cover !important;"></div></a><div class="tmm_textblock"><div class="tmm_names"><span class="tmm_fname">RACE TO THE BOTTOM: CETA &amp; TTIP ON EUROPEAN PERIPHERY – </span> <span class="tmm_lname">CASE OF CROATIA</span></div><div class="tmm_job">ENGLISH</div><div class="tmm_desc" style="text-align:left">Expert analyses of CETA’s possible effects on Croatia by Vladimir Cvijanović, Paul Stubbs and Dark Znaor.</div><div class="tmm_scblock"></div></div></div><span class="tmm_two_containers_tablet"></span></div><span class="tmm_columns_containers_desktop"></span><div class="tmm_container"><div class="tmm_member" style="border-top:#ffffff solid 5px;"><a target="_blank" href="http://ipe.hr/wp-content/uploads/2017/05/IPE_CETA_04_010517_Print.pdf" title="Race to the bottom: CETA and TTIP on european periphery"><div class="tmm_photo tmm_pic_publications_4" style="background: url(http://ipe.hr/wp-content/uploads/2017/06/CETA.png); margin-left: auto; margin-right:auto; background-size:cover !important;"></div></a><div class="tmm_textblock"><div class="tmm_names"><span class="tmm_fname">Race to the bottom:</span> <span class="tmm_lname">CETA and TTIP on european periphery</span></div><div class="tmm_job">Croatian</div><div class="tmm_desc" style="text-align:left">A brief containing expert analyses of CETA’s possible effects on Croatia’s law, economy, environment, labour, social policy and healthcare, and agriculture.  The authors are Marija Bartl, Vladimir Cvijanović, Vedran Horvat, Paul Stubbs and Dark Znaor.</div><div class="tmm_scblock"></div></div></div><div class="tmm_member" style="border-top:#ffffff solid 5px;"><a target="_blank" href="http://ipe.hr/wp-content/uploads/2017/02/Poruka-u-boci.pdf" title="Message in a Bottle "><div class="tmm_photo tmm_pic_publications_5" style="background: url(http://ipe.hr/wp-content/uploads/2017/08/porukanova.png); margin-left: auto; margin-right:auto; background-size:cover !important;"></div></a><div class="tmm_textblock"><div class="tmm_names"><span class="tmm_fname">Message in a Bottle</span> </div><div class="tmm_job">Croatian</div><div class="tmm_desc" style="text-align:left">"Message in a Bottle" is an analysis of the public policy on drawing water for bottling, carried out by IPE in cooperation with Zelena akcija (Friends of the Earth Croatia), and as part of the project INTRA WASP – Increasing Transparency in Water and Space management.</div><div class="tmm_scblock"></div></div></div><span class="tmm_two_containers_tablet"></span></div><span class="tmm_columns_containers_desktop"></span><div class="tmm_container"><div class="tmm_member" style="border-top:#ffffff solid 5px;"><a target="_blank" href="http://ipe.hr/wp-content/uploads/2017/06/ZA_2016_knjizniBlok_fin.pdf" title="Tipping Points "><div class="tmm_photo tmm_pic_publications_6" style="background: url(http://ipe.hr/wp-content/uploads/2017/06/akademijacover.png); margin-left: auto; margin-right:auto; background-size:cover !important;"></div></a><div class="tmm_textblock"><div class="tmm_names"><span class="tmm_fname">Tipping Points</span> </div><div class="tmm_job">English</div><div class="tmm_desc" style="text-align:left">The program book of the Green Academy 2020 – Tipping Points, which took place in July 2016. Contains an overview of the three moduls – degrowth, commons and climate justice.</div><div class="tmm_scblock"></div></div></div><div class="tmm_member" style="border-top:#ffffff solid 5px;"><a target="_blank" href="http://ipe.hr/wp-content/uploads/2017/08/Budapest-Degrowth-Conference-Report.pdf" title="International Degrowth Conference Budapest 2016 - Conference Report"><div class="tmm_photo tmm_pic_publications_7" style="background: url(http://ipe.hr/wp-content/uploads/2017/08/Budapest-Degrowth-Conference-Report-cover.png); margin-left: auto; margin-right:auto; background-size:cover !important;"></div></a><div class="tmm_textblock"><div class="tmm_names"><span class="tmm_fname">International Degrowth Conference</span> <span class="tmm_lname">Budapest 2016 - Conference Report</span></div><div class="tmm_job">English</div><div class="tmm_desc" style="text-align:left">Conference report on the International Degrowth Conference Budapest 2016 that IPE co-organized.</div><div class="tmm_scblock"></div></div></div><span class="tmm_two_containers_tablet"></span></div><span class="tmm_columns_containers_desktop"></span><div class="tmm_container"><div class="tmm_member" style="border-top:#ffffff solid 5px;"><a target="_blank" href="http://ipe.hr/wp-content/uploads/2017/06/IPE_Climate_Justice_2015_Book_of_Abstracts_Web.pdf" title="Climate Justice –  Perspectives from the Natural &amp; Social Sciences"><div class="tmm_photo tmm_pic_publications_8" style="background: url(http://ipe.hr/wp-content/uploads/2017/06/climate-justice-cover.png); margin-left: auto; margin-right:auto; background-size:cover !important;"></div></a><div class="tmm_textblock"><div class="tmm_names"><span class="tmm_fname">Climate Justice – </span> <span class="tmm_lname">Perspectives from the Natural &amp; Social Sciences</span></div><div class="tmm_job">English</div><div class="tmm_desc" style="text-align:left">The program book of IPE’s conference Climate Justice – Perspectives from the Natural &amp; Social Sciences, which took place on November 13 2015</div><div class="tmm_scblock"></div></div></div><div style="clear:both;"></div></div></div></div>
